[INFO] cloning repository https://github.com/nsqio/rust-nsq
[INFO] running `Command { std: "git" "-c" "credential.helper=" "-c" "credential.helper=/workspace/cargo-home/bin/git-credential-null" "clone" "--bare" "https://github.com/nsqio/rust-nsq" "/workspace/cache/git-repos/https%3A%2F%2Fgithub.com%2Fnsqio%2Frust-nsq", kill_on_drop: false }`
[INFO] [stderr] Cloning into bare repository '/workspace/cache/git-repos/https%3A%2F%2Fgithub.com%2Fnsqio%2Frust-nsq'...
[INFO] running `Command { std: "git" "rev-parse" "HEAD", kill_on_drop: false }`
[INFO] [stdout] 253dbee7f882099e7de8accc43adc0074b122415
[INFO] checking nsqio/rust-nsq against try#72f88fc4e9458f89516a0b8b0868f3718aec5b47 for pr-74989
[INFO] running `Command { std: "git" "clone" "/workspace/cache/git-repos/https%3A%2F%2Fgithub.com%2Fnsqio%2Frust-nsq" "/workspace/builds/worker-11/source", kill_on_drop: false }`
[INFO] [stderr] Cloning into '/workspace/builds/worker-11/source'...
[INFO] [stderr] done.
[INFO] validating manifest of git repo https://github.com/nsqio/rust-nsq on toolchain 72f88fc4e9458f89516a0b8b0868f3718aec5b47
[INFO] running `Command { std: "/workspace/cargo-home/bin/cargo" "+72f88fc4e9458f89516a0b8b0868f3718aec5b47" "read-manifest" "--manifest-path" "Cargo.toml", kill_on_drop: false }`
[INFO] started tweaking git repo https://github.com/nsqio/rust-nsq
[INFO] finished tweaking git repo https://github.com/nsqio/rust-nsq
[INFO] tweaked toml for git repo https://github.com/nsqio/rust-nsq written to /workspace/builds/worker-11/source/Cargo.toml
[INFO] crate git repo https://github.com/nsqio/rust-nsq already has a lockfile, it will not be regenerated
[INFO] running `Command { std: "/workspace/cargo-home/bin/cargo" "+72f88fc4e9458f89516a0b8b0868f3718aec5b47" "fetch" "--locked" "--manifest-path" "Cargo.toml", kill_on_drop: false }`
[INFO] running `Command { std: "docker" "create" "-v" "/var/lib/crater-agent-workspace/builds/worker-11/target:/opt/rustwide/target:rw,Z" "-v" "/var/lib/crater-agent-workspace/builds/worker-11/source:/opt/rustwide/workdir:ro,Z" "-v" "/var/lib/crater-agent-workspace/cargo-home:/opt/rustwide/cargo-home:ro,Z" "-v" "/var/lib/crater-agent-workspace/rustup-home:/opt/rustwide/rustup-home:ro,Z" "-e" "SOURCE_DIR=/opt/rustwide/workdir" "-e" "CARGO_TARGET_DIR=/opt/rustwide/target" "-e" "CARGO_HOME=/opt/rustwide/cargo-home" "-e" "RUSTUP_HOME=/opt/rustwide/rustup-home" "-w" "/opt/rustwide/workdir" "-m" "1610612736" "--user" "0:0" "--network" "none" "rustops/crates-build-env@sha256:d92eaeed33fa75130ca1ee6c8a01d1ffb62bac859dfdfb3450e3e5d1c0146529" "/opt/rustwide/cargo-home/bin/cargo" "+72f88fc4e9458f89516a0b8b0868f3718aec5b47" "metadata" "--no-deps" "--format-version=1", kill_on_drop: false }`
[INFO] [stdout] 29a7cfa132be5858e7c8097c4565828f1fc040e1ba1cc3a644d720ec802c643a
[INFO] [stderr] WARNING: Your kernel does not support swap limit capabilities or the cgroup is not mounted. Memory limited without swap.
[INFO] running `Command { std: "docker" "start" "-a" "29a7cfa132be5858e7c8097c4565828f1fc040e1ba1cc3a644d720ec802c643a", kill_on_drop: false }`
[INFO] running `Command { std: "docker" "inspect" "29a7cfa132be5858e7c8097c4565828f1fc040e1ba1cc3a644d720ec802c643a", kill_on_drop: false }`
[INFO] running `Command { std: "docker" "rm" "-f" "29a7cfa132be5858e7c8097c4565828f1fc040e1ba1cc3a644d720ec802c643a", kill_on_drop: false }`
[INFO] [stdout] 29a7cfa132be5858e7c8097c4565828f1fc040e1ba1cc3a644d720ec802c643a
[INFO] running `Command { std: "docker" "create" "-v" "/var/lib/crater-agent-workspace/builds/worker-11/target:/opt/rustwide/target:rw,Z" "-v" "/var/lib/crater-agent-workspace/builds/worker-11/source:/opt/rustwide/workdir:ro,Z" "-v" "/var/lib/crater-agent-workspace/cargo-home:/opt/rustwide/cargo-home:ro,Z" "-v" "/var/lib/crater-agent-workspace/rustup-home:/opt/rustwide/rustup-home:ro,Z" "-e" "SOURCE_DIR=/opt/rustwide/workdir" "-e" "CARGO_TARGET_DIR=/opt/rustwide/target" "-e" "CARGO_INCREMENTAL=0" "-e" "RUST_BACKTRACE=full" "-e" "RUSTFLAGS=--cap-lints=forbid" "-e" "CARGO_HOME=/opt/rustwide/cargo-home" "-e" "RUSTUP_HOME=/opt/rustwide/rustup-home" "-w" "/opt/rustwide/workdir" "-m" "1610612736" "--user" "0:0" "--network" "none" "rustops/crates-build-env@sha256:d92eaeed33fa75130ca1ee6c8a01d1ffb62bac859dfdfb3450e3e5d1c0146529" "/opt/rustwide/cargo-home/bin/cargo" "+72f88fc4e9458f89516a0b8b0868f3718aec5b47" "check" "--frozen" "--all" "--all-targets" "--message-format=json", kill_on_drop: false }`
[INFO] [stderr] WARNING: Your kernel does not support swap limit capabilities or the cgroup is not mounted. Memory limited without swap.
[INFO] [stdout] 44361a2107843b39d08c8560c61cdc6209b82e6e6892837a5fb4fb63d125bc25
[INFO] running `Command { std: "docker" "start" "-a" "44361a2107843b39d08c8560c61cdc6209b82e6e6892837a5fb4fb63d125bc25", kill_on_drop: false }`
[INFO] [stderr]     Checking nsq v0.0.1 (/opt/rustwide/workdir)
[INFO] [stdout] error[E0433]: failed to resolve: could not find `net` in `io`
[INFO] [stdout]  --> src/lib.rs:4:14
[INFO] [stdout]   |
[INFO] [stdout] 4 | use std::io::net::tcp::TcpStream;
[INFO] [stdout]   |              ^^^ could not find `net` in `io`
[INFO] [stdout] 
[INFO] [stdout] 
[INFO] [stdout] error[E0433]: failed to resolve: could not find `net` in `io`
[INFO] [stdout]  --> src/lib.rs:4:14
[INFO] [stdout]   |
[INFO] [stdout] 4 | use std::io::net::tcp::TcpStream;
[INFO] [stdout]   |              ^^^ could not find `net` in `io`
[INFO] [stdout] 
[INFO] [stdout] 
[INFO] [stdout] error[E0432]: unresolved imports `std::io::MemReader`, `std::io::Reader`, `std::io::Writer`, `std::io::IoResult`, `std::io::IoError`
[INFO] [stdout]  --> src/lib.rs:3:15
[INFO] [stdout]   |
[INFO] [stdout] 3 | use std::io::{MemReader, Reader, Writer, IoResult, IoError};
[INFO] [stdout]   |               ^^^^^^^^^  ^^^^^^  ^^^^^^  ^^^^^^^^  ^^^^^^^ no `IoError` in `io`
[INFO] [stdout]   |               |          |       |       |
[INFO] [stdout]   |               |          |       |       no `IoResult` in `io`
[INFO] [stdout]   |               |          |       no `Writer` in `io`
[INFO] [stdout]   |               |          no `Reader` in `io`
[INFO] [stdout]   |               no `MemReader` in `io`
[INFO] [stdout]   |
[INFO] [stdout] help: a similar name exists in the module
[INFO] [stdout]   |
[INFO] [stdout] 3 | use std::io::{BufReader, Reader, Writer, IoResult, IoError};
[INFO] [stdout]   |               ^^^^^^^^^
[INFO] [stdout] help: a similar name exists in the module
[INFO] [stdout]   |
[INFO] [stdout] 3 | use std::io::{MemReader, Read, Writer, IoResult, IoError};
[INFO] [stdout]   |                          ^^^^
[INFO] [stdout] help: a similar name exists in the module
[INFO] [stdout]   |
[INFO] [stdout] 3 | use std::io::{MemReader, Reader, Write, IoResult, IoError};
[INFO] [stdout]   |                                  ^^^^^
[INFO] [stdout] help: a similar name exists in the module
[INFO] [stdout]   |
[INFO] [stdout] 3 | use std::io::{MemReader, Reader, Writer, Result, IoError};
[INFO] [stdout]   |                                          ^^^^^^
[INFO] [stdout] help: a similar name exists in the module
[INFO] [stdout]   |
[INFO] [stdout] 3 | use std::io::{MemReader, Reader, Writer, IoResult, Error};
[INFO] [stdout]   |                                                    ^^^^^
[INFO] [stdout] 
[INFO] [stdout] 
[INFO] [stdout] error[E0432]: unresolved imports `std::io::MemReader`, `std::io::Reader`, `std::io::Writer`, `std::io::IoResult`, `std::io::IoError`
[INFO] [stdout]  --> src/lib.rs:3:15
[INFO] [stdout]   |
[INFO] [stdout] 3 | use std::io::{MemReader, Reader, Writer, IoResult, IoError};
[INFO] [stdout]   |               ^^^^^^^^^  ^^^^^^  ^^^^^^  ^^^^^^^^  ^^^^^^^ no `IoError` in `io`
[INFO] [stdout]   |               |          |       |       |
[INFO] [stdout]   |               |          |       |       no `IoResult` in `io`
[INFO] [stdout]   |               |          |       no `Writer` in `io`
[INFO] [stdout]   |               |          no `Reader` in `io`
[INFO] [stdout]   |               no `MemReader` in `io`
[INFO] [stdout]   |
[INFO] [stdout] help: a similar name exists in the module
[INFO] [stdout]   |
[INFO] [stdout] 3 | use std::io::{BufReader, Reader, Writer, IoResult, IoError};
[INFO] [stdout]   |               ^^^^^^^^^
[INFO] [stdout] help: a similar name exists in the module
[INFO] [stdout]   |
[INFO] [stdout] 3 | use std::io::{MemReader, Read, Writer, IoResult, IoError};
[INFO] [stdout]   |                          ^^^^
[INFO] [stdout] help: a similar name exists in the module
[INFO] [stdout]   |
[INFO] [stdout] 3 | use std::io::{MemReader, Reader, Write, IoResult, IoError};
[INFO] [stdout]   |                                  ^^^^^
[INFO] [stdout] help: a similar name exists in the module
[INFO] [stdout]   |
[INFO] [stdout] 3 | use std::io::{MemReader, Reader, Writer, Result, IoError};
[INFO] [stdout]   |                                          ^^^^^^
[INFO] [stdout] help: a similar name exists in the module
[INFO] [stdout]   |
[INFO] [stdout] 3 | use std::io::{MemReader, Reader, Writer, IoResult, Error};
[INFO] [stdout]   |                                                    ^^^^^
[INFO] [stdout] 
[INFO] [stdout] 
[INFO] [stdout] error: cannot find attribute `deriving` in this scope
[INFO] [stdout]   --> src/lib.rs:22:3
[INFO] [stdout]    |
[INFO] [stdout] 22 | #[deriving(Show)]
[INFO] [stdout]    |   ^^^^^^^^
[INFO] [stdout] 
[INFO] [stdout] 
[INFO] [stdout] error: cannot find attribute `deriving` in this scope
[INFO] [stdout]   --> src/lib.rs:28:3
[INFO] [stdout]    |
[INFO] [stdout] 28 | #[deriving(Show)]
[INFO] [stdout]    |   ^^^^^^^^
[INFO] [stdout] 
[INFO] [stdout] 
[INFO] [stdout] error: cannot find attribute `deriving` in this scope
[INFO] [stdout]   --> src/lib.rs:37:3
[INFO] [stdout]    |
[INFO] [stdout] 37 | #[deriving(Show)]
[INFO] [stdout]    |   ^^^^^^^^
[INFO] [stdout] 
[INFO] [stdout] 
[INFO] [stdout] error[E0412]: cannot find type `TcpStream` in this scope
[INFO] [stdout]   --> src/lib.rs:44:11
[INFO] [stdout]    |
[INFO] [stdout] 44 |     sock: TcpStream,
[INFO] [stdout]    |           ^^^^^^^^^ not found in this scope
[INFO] [stdout]    |
[INFO] [stdout] help: consider importing this struct
[INFO] [stdout]    |
[INFO] [stdout] 3  | use std::net::TcpStream;
[INFO] [stdout]    |
[INFO] [stdout] 
[INFO] [stdout] 
[INFO] [stdout] error[E0433]: failed to resolve: use of undeclared type or module `TcpStream`
[INFO] [stdout]   --> src/lib.rs:49:25
[INFO] [stdout]    |
[INFO] [stdout] 49 |         let sock = try!(TcpStream::connect(addr, port));
[INFO] [stdout]    |                         ^^^^^^^^^ not found in this scope
[INFO] [stdout]    |
[INFO] [stdout] help: consider importing this struct
[INFO] [stdout]    |
[INFO] [stdout] 3  | use std::net::TcpStream;
[INFO] [stdout]    |
[INFO] [stdout] 
[INFO] [stdout] 
[INFO] [stdout] error[E0425]: cannot find function, tuple struct or tuple variant `InternalIoError` in this scope
[INFO] [stdout]   --> src/lib.rs:12:27
[INFO] [stdout]    |
[INFO] [stdout] 12 |                     kind: InternalIoError(err),
[INFO] [stdout]    |                           ^^^^^^^^^^^^^^^ not found in this scope
[INFO] [stdout] ...
[INFO] [stdout] 67 |         let size = try_io!(r.read_be_u32());
[INFO] [stdout]    |                    ------------------------ in this macro invocation
[INFO] [stdout]    |
[INFO] [stdout]    = note: this error originates in a macro (in Nightly builds, run with -Z macro-backtrace for more info)
[INFO] [stdout] help: consider importing this tuple variant
[INFO] [stdout]    |
[INFO] [stdout] 3  | use ErrorKind::InternalIoError;
[INFO] [stdout]    |
[INFO] [stdout] 
[INFO] [stdout] 
[INFO] [stdout] error[E0412]: cannot find type `uint` in this scope
[INFO] [stdout]   --> src/lib.rs:68:49
[INFO] [stdout]    |
[INFO] [stdout] 68 |         let data = try_io!(r.read_exact(size as uint));
[INFO] [stdout]    |                                                 ^^^^ not found in this scope
[INFO] [stdout] 
[INFO] [stdout] 
[INFO] [stdout] error: cannot find attribute `deriving` in this scope
[INFO] [stdout]   --> src/lib.rs:22:3
[INFO] [stdout]    |
[INFO] [stdout] 22 | #[deriving(Show)]
[INFO] [stdout]    |   ^^^^^^^^
[INFO] [stdout] 
[INFO] [stdout] 
[INFO] [stdout] error: cannot find attribute `deriving` in this scope
[INFO] [stdout]   --> src/lib.rs:28:3
[INFO] [stdout]    |
[INFO] [stdout] 28 | #[deriving(Show)]
[INFO] [stdout]    |   ^^^^^^^^
[INFO] [stdout] 
[INFO] [stdout] 
[INFO] [stdout] error: cannot find attribute `deriving` in this scope
[INFO] [stdout]   --> src/lib.rs:37:3
[INFO] [stdout]    |
[INFO] [stdout] 37 | #[deriving(Show)]
[INFO] [stdout]    |   ^^^^^^^^
[INFO] [stdout] 
[INFO] [stdout] 
[INFO] [stdout] error[E0425]: cannot find function, tuple struct or tuple variant `InternalIoError` in this scope
[INFO] [stdout]   --> src/lib.rs:12:27
[INFO] [stdout]    |
[INFO] [stdout] 12 |                     kind: InternalIoError(err),
[INFO] [stdout]    |                           ^^^^^^^^^^^^^^^ not found in this scope
[INFO] [stdout] ...
[INFO] [stdout] 68 |         let data = try_io!(r.read_exact(size as uint));
[INFO] [stdout]    |                    ----------------------------------- in this macro invocation
[INFO] [stdout]    |
[INFO] [stdout]    = note: this error originates in a macro (in Nightly builds, run with -Z macro-backtrace for more info)
[INFO] [stdout] help: consider importing this tuple variant
[INFO] [stdout]    |
[INFO] [stdout] 3  | use ErrorKind::InternalIoError;
[INFO] [stdout]    |
[INFO] [stdout] 
[INFO] [stdout] 
[INFO] [stdout] error[E0412]: cannot find type `TcpStream` in this scope
[INFO] [stdout]   --> src/lib.rs:44:11
[INFO] [stdout]    |
[INFO] [stdout] 44 |     sock: TcpStream,
[INFO] [stdout]    |           ^^^^^^^^^ not found in this scope
[INFO] [stdout]    |
[INFO] [stdout] help: consider importing this struct
[INFO] [stdout]    |
[INFO] [stdout] 3  | use std::net::TcpStream;
[INFO] [stdout]    |
[INFO] [stdout] 
[INFO] [stdout] 
[INFO] [stdout] error[E0425]: cannot find function, tuple struct or tuple variant `InternalIoError` in this scope
[INFO] [stdout]   --> src/lib.rs:12:27
[INFO] [stdout]    |
[INFO] [stdout] 12 |                     kind: InternalIoError(err),
[INFO] [stdout]    |                           ^^^^^^^^^^^^^^^ not found in this scope
[INFO] [stdout] ...
[INFO] [stdout] 70 |         let frame_type = try_io!(frame.read_be_u32());
[INFO] [stdout]    |                          ---------------------------- in this macro invocation
[INFO] [stdout]    |
[INFO] [stdout]    = note: this error originates in a macro (in Nightly builds, run with -Z macro-backtrace for more info)
[INFO] [stdout] help: consider importing this tuple variant
[INFO] [stdout]    |
[INFO] [stdout] 3  | use ErrorKind::InternalIoError;
[INFO] [stdout]    |
[INFO] [stdout] 
[INFO] [stdout] 
[INFO] [stdout] error[E0433]: failed to resolve: use of undeclared type or module `TcpStream`
[INFO] [stdout]   --> src/lib.rs:49:25
[INFO] [stdout]    |
[INFO] [stdout] 49 |         let sock = try!(TcpStream::connect(addr, port));
[INFO] [stdout]    |                         ^^^^^^^^^ not found in this scope
[INFO] [stdout]    |
[INFO] [stdout] help: consider importing this struct
[INFO] [stdout]    |
[INFO] [stdout] 3  | use std::net::TcpStream;
[INFO] [stdout]    |
[INFO] [stdout] 
[INFO] [stdout] 
[INFO] [stdout] error[E0425]: cannot find function, tuple struct or tuple variant `InternalIoError` in this scope
[INFO] [stdout]   --> src/lib.rs:12:27
[INFO] [stdout]    |
[INFO] [stdout] 12 |                     kind: InternalIoError(err),
[INFO] [stdout]    |                           ^^^^^^^^^^^^^^^ not found in this scope
[INFO] [stdout] ...
[INFO] [stdout] 71 |         let body = try_io!(frame.read_to_end());
[INFO] [stdout]    |                    ---------------------------- in this macro invocation
[INFO] [stdout]    |
[INFO] [stdout]    = note: this error originates in a macro (in Nightly builds, run with -Z macro-backtrace for more info)
[INFO] [stdout] help: consider importing this tuple variant
[INFO] [stdout]    |
[INFO] [stdout] 3  | use ErrorKind::InternalIoError;
[INFO] [stdout]    |
[INFO] [stdout] 
[INFO] [stdout] 
[INFO] [stdout] error[E0425]: cannot find function, tuple struct or tuple variant `InternalIoError` in this scope
[INFO] [stdout]   --> src/lib.rs:12:27
[INFO] [stdout]    |
[INFO] [stdout] 12 |                     kind: InternalIoError(err),
[INFO] [stdout]    |                           ^^^^^^^^^^^^^^^ not found in this scope
[INFO] [stdout] ...
[INFO] [stdout] 67 |         let size = try_io!(r.read_be_u32());
[INFO] [stdout]    |                    ------------------------ in this macro invocation
[INFO] [stdout]    |
[INFO] [stdout]    = note: this error originates in a macro (in Nightly builds, run with -Z macro-backtrace for more info)
[INFO] [stdout] help: consider importing this tuple variant
[INFO] [stdout]    |
[INFO] [stdout] 3  | use ErrorKind::InternalIoError;
[INFO] [stdout]    |
[INFO] [stdout] 
[INFO] [stdout] 
[INFO] [stdout] error[E0425]: cannot find value `ResponseError` in this scope
[INFO] [stdout]   --> src/lib.rs:74:23
[INFO] [stdout]    |
[INFO] [stdout] 74 |                 kind: ResponseError,
[INFO] [stdout]    |                       ^^^^^^^^^^^^^ not found in this scope
[INFO] [stdout]    |
[INFO] [stdout] help: consider importing this unit variant
[INFO] [stdout]    |
[INFO] [stdout] 3  | use ErrorKind::ResponseError;
[INFO] [stdout]    |
[INFO] [stdout] 
[INFO] [stdout] 
[INFO] [stdout] error[E0412]: cannot find type `uint` in this scope
[INFO] [stdout]   --> src/lib.rs:68:49
[INFO] [stdout]    |
[INFO] [stdout] 68 |         let data = try_io!(r.read_exact(size as uint));
[INFO] [stdout]    |                                                 ^^^^ not found in this scope
[INFO] [stdout] 
[INFO] [stdout] 
[INFO] [stdout] error[E0425]: cannot find function, tuple struct or tuple variant `InternalIoError` in this scope
[INFO] [stdout]   --> src/lib.rs:12:27
[INFO] [stdout]    |
[INFO] [stdout] 12 |                     kind: InternalIoError(err),
[INFO] [stdout]    |                           ^^^^^^^^^^^^^^^ not found in this scope
[INFO] [stdout] ...
[INFO] [stdout] 68 |         let data = try_io!(r.read_exact(size as uint));
[INFO] [stdout]    |                    ----------------------------------- in this macro invocation
[INFO] [stdout]    |
[INFO] [stdout]    = note: this error originates in a macro (in Nightly builds, run with -Z macro-backtrace for more info)
[INFO] [stdout] help: consider importing this tuple variant
[INFO] [stdout]    |
[INFO] [stdout] 3  | use ErrorKind::InternalIoError;
[INFO] [stdout]    |
[INFO] [stdout] 
[INFO] [stdout] 
[INFO] [stdout] error[E0425]: cannot find function, tuple struct or tuple variant `InternalIoError` in this scope
[INFO] [stdout]   --> src/lib.rs:12:27
[INFO] [stdout]    |
[INFO] [stdout] 12 |                     kind: InternalIoError(err),
[INFO] [stdout]    |                           ^^^^^^^^^^^^^^^ not found in this scope
[INFO] [stdout] ...
[INFO] [stdout] 70 |         let frame_type = try_io!(frame.read_be_u32());
[INFO] [stdout]    |                          ---------------------------- in this macro invocation
[INFO] [stdout]    |
[INFO] [stdout]    = note: this error originates in a macro (in Nightly builds, run with -Z macro-backtrace for more info)
[INFO] [stdout] help: consider importing this tuple variant
[INFO] [stdout]    |
[INFO] [stdout] 3  | use ErrorKind::InternalIoError;
[INFO] [stdout]    |
[INFO] [stdout] 
[INFO] [stdout] 
[INFO] [stdout] error[E0425]: cannot find function, tuple struct or tuple variant `InternalIoError` in this scope
[INFO] [stdout]   --> src/lib.rs:12:27
[INFO] [stdout]    |
[INFO] [stdout] 12 |                     kind: InternalIoError(err),
[INFO] [stdout]    |                           ^^^^^^^^^^^^^^^ not found in this scope
[INFO] [stdout] ...
[INFO] [stdout] 71 |         let body = try_io!(frame.read_to_end());
[INFO] [stdout]    |                    ---------------------------- in this macro invocation
[INFO] [stdout]    |
[INFO] [stdout]    = note: this error originates in a macro (in Nightly builds, run with -Z macro-backtrace for more info)
[INFO] [stdout] help: consider importing this tuple variant
[INFO] [stdout]    |
[INFO] [stdout] 3  | use ErrorKind::InternalIoError;
[INFO] [stdout]    |
[INFO] [stdout] 
[INFO] [stdout] 
[INFO] [stdout] error[E0425]: cannot find value `ResponseError` in this scope
[INFO] [stdout]   --> src/lib.rs:74:23
[INFO] [stdout]    |
[INFO] [stdout] 74 |                 kind: ResponseError,
[INFO] [stdout]    |                       ^^^^^^^^^^^^^ not found in this scope
[INFO] [stdout]    |
[INFO] [stdout] help: consider importing this unit variant
[INFO] [stdout]    |
[INFO] [stdout] 3  | use ErrorKind::ResponseError;
[INFO] [stdout]    |
[INFO] [stdout] 
[INFO] [stdout] 
[INFO] [stdout] warning: use of deprecated macro `try`: use the `?` operator instead
[INFO] [stdout]   --> src/lib.rs:49:20
[INFO] [stdout]    |
[INFO] [stdout] 49 |         let sock = try!(TcpStream::connect(addr, port));
[INFO] [stdout]    |                    ^^^
[INFO] [stdout]    |
[INFO] [stdout]    = note: `#[warn(deprecated)]` on by default
[INFO] [stdout] 
[INFO] [stdout] 
[INFO] [stdout] warning: use of deprecated macro `try`: use the `?` operator instead
[INFO] [stdout]   --> src/lib.rs:49:20
[INFO] [stdout]    |
[INFO] [stdout] 49 |         let sock = try!(TcpStream::connect(addr, port));
[INFO] [stdout]    |                    ^^^
[INFO] [stdout]    |
[INFO] [stdout]    = note: `#[warn(deprecated)]` on by default
[INFO] [stdout] 
[INFO] [stdout] 
[INFO] [stdout] warning: use of deprecated macro `try`: use the `?` operator instead
[INFO] [stdout]   --> src/lib.rs:55:9
[INFO] [stdout]    |
[INFO] [stdout] 55 |         try!(ret.send(b"  V2"));
[INFO] [stdout]    |         ^^^
[INFO] [stdout] 
[INFO] [stdout] 
[INFO] [stdout] warning: use of deprecated macro `try`: use the `?` operator instead
[INFO] [stdout]   --> src/lib.rs:55:9
[INFO] [stdout]    |
[INFO] [stdout] 55 |         try!(ret.send(b"  V2"));
[INFO] [stdout]    |         ^^^
[INFO] [stdout] 
[INFO] [stdout] 
[INFO] [stdout] error[E0599]: no method named `as_slice` found for reference `&[u8]` in the current scope
[INFO] [stdout]   --> src/lib.rs:62:22
[INFO] [stdout]    |
[INFO] [stdout] 62 |         w.write(data.as_slice())
[INFO] [stdout]    |                      ^^^^^^^^ method not found in `&[u8]`
[INFO] [stdout] 
[INFO] [stdout] 
[INFO] [stdout] error: aborting due to 14 previous errors; 2 warnings emitted
[INFO] [stdout] 
[INFO] [stdout] 
[INFO] [stdout] error[E0599]: no method named `as_slice` found for reference `&[u8]` in the current scope
[INFO] [stdout]   --> src/lib.rs:62:22
[INFO] [stdout]    |
[INFO] [stdout] 62 |         w.write(data.as_slice())
[INFO] [stdout]    |                      ^^^^^^^^ method not found in `&[u8]`
[INFO] [stdout] 
[INFO] [stdout] 
[INFO] [stdout] error: aborting due to 14 previous errors; 2 warnings emitted
[INFO] [stdout] 
[INFO] [stdout] 
[INFO] [stdout] Some errors have detailed explanations: E0412, E0425, E0432, E0433, E0599.
[INFO] [stdout] 
[INFO] [stdout] For more information about an error, try `rustc --explain E0412`.
[INFO] [stdout] 
[INFO] [stdout] Some errors have detailed explanations: E0412, E0425, E0432, E0433, E0599.
[INFO] [stdout] 
[INFO] [stdout] For more information about an error, try `rustc --explain E0412`.
[INFO] [stdout] 
[INFO] [stderr] error: could not compile `nsq`.
[INFO] [stderr] 
[INFO] [stderr] To learn more, run the command again with --verbose.
[INFO] [stderr] warning: build failed, waiting for other jobs to finish...
[INFO] [stderr] error: build failed
[INFO] running `Command { std: "docker" "inspect" "44361a2107843b39d08c8560c61cdc6209b82e6e6892837a5fb4fb63d125bc25", kill_on_drop: false }`
[INFO] running `Command { std: "docker" "rm" "-f" "44361a2107843b39d08c8560c61cdc6209b82e6e6892837a5fb4fb63d125bc25", kill_on_drop: false }`
[INFO] [stdout] 44361a2107843b39d08c8560c61cdc6209b82e6e6892837a5fb4fb63d125bc25
